{"id":25685,"date":"2022-11-24T20:51:32","date_gmt":"2022-11-24T20:51:32","guid":{"rendered":"https:\/\/sanantonioalgeciras.com\/?page_id=25685"},"modified":"2022-11-24T20:54:27","modified_gmt":"2022-11-24T20:54:27","slug":"taller-de-oracion-y-vida","status":"publish","type":"page","link":"https:\/\/sanantonioalgeciras.com\/index.php\/taller-de-oracion-y-vida\/","title":{"rendered":"Taller de oraci\u00f3n y vida"},"content":{"rendered":"<div class=\"push\" style='margin-bottom:-60px'><\/div>\n<div class=\"row \"><div class=\"wpv-grid grid-1-1  wpv-first-level parallax-bg first has-video-bg has-background extended\" style=\"\n\t\t\t\tbackground: url('https:\/\/sanantonioalgeciras.com\/wp-content\/themes\/churchtheme\/samples\/images\/video_bg1.jpg')  center top;\n\t\t\t\tbackground-size: cover;\n\t\t\t\tbackground-attachment: fixed;\n\t\t\tpadding-top:0px;padding-bottom:0px\" id=\"section-home\"  data-parallax-method=\"to-centre\" data-parallax-inertia=\"-0.2\"><div class=\"extended-column-inner\"><div class=\"wpv-video-bg\">\n\t\t\t\t<video autoplay loop preload=\"metadata\" width=\"100%\" class=\"wpv-background-video\" style=\"width:100%\">\n\t\t\t\t\t<source type=\"video\/mp4\" src=\"https:\/\/church-event.vamtam.com\/wp-content\/uploads\/2014\/01\/Wonder-HD-Background-Loop1.mp4\"><\/source>\n\t\t\t\t<\/video>\n\t\t\t<\/div><div class=\"wpv-video-bg-content\"><div class=\"row \"><div class=\"wpv-grid grid-1-1  first unextended\" style=\"padding-top:0px;padding-bottom:0px\" id=\"wpv-column-5a962a29d7fca7463752951aa458e74a\" ><div class=\"push\" style='height:100px'><\/div>\n<p><span style=\"color: #ffffff;\">Los Talleres de Oraci\u00f3n y Vida son una nueva forma de evangelizaci\u00f3n. Ante todo un m\u00e9todo pr\u00e1ctico para aprender a orar. Paso a paso se aprende a entrar en una relaci\u00f3n personal con el Se\u00f1or desde los primeros pasos hasta la profundidad de la contemplaci\u00f3n. De esta manera los talleristas se convierten en amigos y disc\u00edpulos del Se\u00f1or.<\/span><\/p>\n<p><span style=\"color: #ffffff;\">Tambi\u00e9n es Taller de Vida. Por la pr\u00e1ctica de la fe y el abandono, y como consecuencia de la pr\u00e1ctica de la oraci\u00f3n, casi sin pretenderlo, el tallerista va sanando las heridas del coraz\u00f3n, sofocando las angustias del alma, ahuyentando los miedos hasta lograr el control de nervios y un gran serenidad.<\/span><\/p>\n<p><span style=\"color: #ffffff;\">El Taller de Oraci\u00f3n y Vida suele impartirse en nuestra parroquia los viernes de 19:00h a 21:00h.<\/span><\/p>\n<p><span style=\"color: #ffffff;\">Las inscripciones se podr\u00e1n realizar a trav\u00e9s del siguiente <a style=\"color: #ffffff;\" href=\"https:\/\/sanantonioalgeciras.com\/index.php\/features__trashed\/templates\/mantenimeinto\/\">link.<\/a><\/span><\/p>\n<p><span style=\"color: #ffffff;\">Para cualquier duda, pod\u00e9is contactarnos en p_santonioalgeciras@obispadocadizyceuta.es\u00a0<\/span><\/div><\/div>\n<div class=\"sep\"><\/div>\n<h1 style=\"text-align: center;\"><span style=\"color: #ffffff;\"><strong>TALLER DE ORACI\u00d3N Y VIDA<\/strong><\/span><\/h1>\n<div class=\"row \"><div class=\"wpv-grid grid-1-1  first unextended animation-fade-in animated-active\" style=\"padding-top:0px;padding-bottom:0px\" id=\"wpv-column-631798f82887df6c471d00b84eabd6e8\" ><p><\/div><\/div><\/div><\/div><\/div><\/div>\n","protected":false},"excerpt":{"rendered":"<p>Los Talleres de Oraci\u00f3n y Vida son una nueva forma de evangelizaci\u00f3n. Ante todo un m\u00e9todo pr\u00e1ctico para aprender a orar. Paso a paso se aprende a entrar en una relaci\u00f3n personal con el Se\u00f1or desde los primeros pasos hasta la profundidad de la contemplaci\u00f3n. De esta manera los talleristas se convierten en amigos y&#8230;<\/p>\n","protected":false},"author":1,"featured_media":0,"parent":0,"menu_order":0,"comment_status":"closed","ping_status":"closed","template":"onepage.php","meta":{"footnotes":""},"class_list":["post-25685","page","type-page","status-publish","hentry"],"_links":{"self":[{"href":"https:\/\/sanantonioalgeciras.com\/index.php\/wp-json\/wp\/v2\/pages\/25685","targetHints":{"allow":["GET"]}}],"collection":[{"href":"https:\/\/sanantonioalgeciras.com\/index.php\/wp-json\/wp\/v2\/pages"}],"about":[{"href":"https:\/\/sanantonioalgeciras.com\/index.php\/wp-json\/wp\/v2\/types\/page"}],"author":[{"embeddable":true,"href":"https:\/\/sanantonioalgeciras.com\/index.php\/wp-json\/wp\/v2\/users\/1"}],"replies":[{"embeddable":true,"href":"https:\/\/sanantonioalgeciras.com\/index.php\/wp-json\/wp\/v2\/comments?post=25685"}],"version-history":[{"count":2,"href":"https:\/\/sanantonioalgeciras.com\/index.php\/wp-json\/wp\/v2\/pages\/25685\/revisions"}],"predecessor-version":[{"id":25687,"href":"https:\/\/sanantonioalgeciras.com\/index.php\/wp-json\/wp\/v2\/pages\/25685\/revisions\/25687"}],"wp:attachment":[{"href":"https:\/\/sanantonioalgeciras.com\/index.php\/wp-json\/wp\/v2\/media?parent=25685"}],"curies":[{"name":"wp","href":"https:\/\/api.w.org\/{rel}","templated":true}]}}

Taller de oración y vida

<div class="push" style='margin-bottom:-60px'></div>
<div class="row "><div class="wpv-grid grid-1-1  wpv-first-level parallax-bg first has-video-bg has-background extended" style="
				background: url('https://sanantonioalgeciras.com/wp-content/themes/churchtheme/samples/images/video_bg1.jpg')  center top;
				background-size: cover;
				background-attachment: fixed;
			padding-top:0px;padding-bottom:0px" id="section-home"  data-parallax-method="to-centre" data-parallax-inertia="-0.2"><div class="extended-column-inner"><div class="wpv-video-bg">
				<video autoplay loop preload="metadata" width="100%" class="wpv-background-video" style="width:100%">
					<source type="video/mp4" src="https://church-event.vamtam.com/wp-content/uploads/2014/01/Wonder-HD-Background-Loop1.mp4"></source>
				</video>
			</div><div class="wpv-video-bg-content"><div class="row "><div class="wpv-grid grid-1-1  first unextended" style="padding-top:0px;padding-bottom:0px" id="wpv-column-5a962a29d7fca7463752951aa458e74a" ><div class="push" style='height:100px'></div>
<p><span style="color: #ffffff;">Los Talleres de Oración y Vida son una nueva forma de evangelización. Ante todo un método práctico para aprender a orar. Paso a paso se aprende a entrar en una relación personal con el Señor desde los primeros pasos hasta la profundidad de la contemplación. De esta manera los talleristas se convierten en amigos y discípulos del Señor.</span></p>
<p><span style="color: #ffffff;">También es Taller de Vida. Por la práctica de la fe y el abandono, y como consecuencia de la práctica de la oración, casi sin pretenderlo, el tallerista va sanando las heridas del corazón, sofocando las angustias del alma, ahuyentando los miedos hasta lograr el control de nervios y un gran serenidad.</span></p>
<p><span style="color: #ffffff;">El Taller de Oración y Vida suele impartirse en nuestra parroquia los viernes de 19:00h a 21:00h.</span></p>
<p><span style="color: #ffffff;">Las inscripciones se podrán realizar a través del siguiente <a style="color: #ffffff;" href="https://sanantonioalgeciras.com/index.php/features__trashed/templates/mantenimeinto/">link.</a></span></p>
<p><span style="color: #ffffff;">Para cualquier duda, podéis contactarnos en p_santonioalgeciras@obispadocadizyceuta.es </span></div></div>
<div class="sep"></div>
<h1 style="text-align: center;"><span style="color: #ffffff;"><strong>TALLER DE ORACIÓN Y VIDA</strong></span></h1>
<div class="row "><div class="wpv-grid grid-1-1  first unextended animation-fade-in animated-active" style="padding-top:0px;padding-bottom:0px" id="wpv-column-631798f82887df6c471d00b84eabd6e8" ><p></div></div></div></div></div></div>

<p>Los Talleres de Oración y Vida son una nueva forma de evangelización. Ante todo un método práctico para aprender a orar. Paso a paso se aprende a entrar en una relación personal con el Señor desde los primeros pasos hasta la profundidad de la contemplación. De esta manera los talleristas se convierten en amigos y&#8230;</p>
