{"id":25788,"date":"2022-11-25T16:29:43","date_gmt":"2022-11-25T16:29:43","guid":{"rendered":"https:\/\/sanantonioalgeciras.com\/?page_id=25788"},"modified":"2023-01-31T18:03:40","modified_gmt":"2023-01-31T18:03:40","slug":"sobre-san-bernardo","status":"publish","type":"page","link":"https:\/\/sanantonioalgeciras.com\/index.php\/sobre-san-bernardo\/","title":{"rendered":"SOBRE SAN BERNARDO"},"content":{"rendered":"<style>.wp-block-kadence-advancedheading.kt-adv-heading_e03ff7-89, .wp-block-kadence-advancedheading.kt-adv-heading_e03ff7-89[data-kb-block=\"kb-adv-heading_e03ff7-89\"]{font-size:25px;line-height:22px;font-style:normal;font-family:-apple-system,BlinkMacSystemFont,\"Segoe UI\",Roboto,Oxygen-Sans,Ubuntu,Cantarell,\"Helvetica Neue\",sans-serif, \"Apple Color Emoji\", \"Segoe UI Emoji\", \"Segoe UI Symbol\";letter-spacing:1px;}.wp-block-kadence-advancedheading.kt-adv-heading_e03ff7-89 mark, .wp-block-kadence-advancedheading.kt-adv-heading_e03ff7-89[data-kb-block=\"kb-adv-heading_e03ff7-89\"] mark{font-style:normal;color:#f76a0c;border-color:#ffffff;padding-top:0px;padding-right:0px;padding-bottom:0px;padding-left:0px;}<\/style>\n<h2 class=\"kt-adv-heading_e03ff7-89 wp-block-kadence-advancedheading has-black-color has-text-color\" data-kb-block=\"kb-adv-heading_e03ff7-89\"><strong>San Bernardo De Claraval<\/strong><\/h2>\n\n\n\n<div class=\"wp-block-media-text alignwide is-stacked-on-mobile\" style=\"grid-template-columns:21% auto\"><figure class=\"wp-block-media-text__media\"><img loading=\"lazy\" decoding=\"async\" width=\"576\" height=\"1024\" src=\"https:\/\/sanantonioalgeciras.com\/wp-content\/uploads\/2022\/11\/WhatsApp-Image-2022-11-24-at-5.32.42-PM-1.jpeg\" alt=\"\" class=\"wp-image-25484 size-full\" srcset=\"https:\/\/sanantonioalgeciras.com\/wp-content\/uploads\/2022\/11\/WhatsApp-Image-2022-11-24-at-5.32.42-PM-1.jpeg 576w, https:\/\/sanantonioalgeciras.com\/wp-content\/uploads\/2022\/11\/WhatsApp-Image-2022-11-24-at-5.32.42-PM-1-169x300.jpeg 169w, https:\/\/sanantonioalgeciras.com\/wp-content\/uploads\/2022\/11\/WhatsApp-Image-2022-11-24-at-5.32.42-PM-1-555x987.jpeg 555w, https:\/\/sanantonioalgeciras.com\/wp-content\/uploads\/2022\/11\/WhatsApp-Image-2022-11-24-at-5.32.42-PM-1-360x640.jpeg 360w, https:\/\/sanantonioalgeciras.com\/wp-content\/uploads\/2022\/11\/WhatsApp-Image-2022-11-24-at-5.32.42-PM-1-262x466.jpeg 262w\" sizes=\"auto, (max-width: 576px) 100vw, 576px\" \/><\/figure><div class=\"wp-block-media-text__content\"><style>.wp-block-kadence-advancedheading.kt-adv-heading_66d91d-bb, .wp-block-kadence-advancedheading.kt-adv-heading_66d91d-bb[data-kb-block=\"kb-adv-heading_66d91d-bb\"]{font-size:15px;line-height:22px;font-style:normal;font-family:-apple-system,BlinkMacSystemFont,\"Segoe UI\",Roboto,Oxygen-Sans,Ubuntu,Cantarell,\"Helvetica Neue\",sans-serif, \"Apple Color Emoji\", \"Segoe UI Emoji\", \"Segoe UI Symbol\";letter-spacing:1px;}.wp-block-kadence-advancedheading.kt-adv-heading_66d91d-bb mark, .wp-block-kadence-advancedheading.kt-adv-heading_66d91d-bb[data-kb-block=\"kb-adv-heading_66d91d-bb\"] mark{font-style:normal;color:#f76a0c;border-color:#ffffff;padding-top:0px;padding-right:0px;padding-bottom:0px;padding-left:0px;}<\/style>\n<h4 class=\"kt-adv-heading_66d91d-bb wp-block-kadence-advancedheading\" data-kb-block=\"kb-adv-heading_66d91d-bb\">      <\/h4>\n\n\n\n<p>En el lateral izquierdo de la parroquia, al lado del Descendimiento, destaca la figura de un monje de h\u00e1bito blanco con b\u00e1culo. Es una representaci\u00f3n de San Bernardo, monje cisterciense y abad del monasterio de Claraval.     <\/p>\n\n\n\n<p>Con \u00e9l se expandi\u00f3 la orden del Cister por toda Europa. Fue posiblemente el personaje eclesi\u00e1stico m\u00e1s relevante de su tiempo. Su fiesta lit\u00fargica se celebra el 20 de agosto en el aniversario de su muerte, siendo el santo patr\u00f3n de Gibraltar y de Algeciras.    <\/p>\n\n\n\n<p>Cronol\u00f3gicamente es el \u00faltimo de los Padres de la Iglesia, aunque uno de los que m\u00e1s impacto ha tenido. Famoso por su gran amor a la Virgen Mar\u00eda. Compuso muchas oraciones marianas. Fundador del Monasterio Cisterciense del Claraval y muchos otros. Hijo de un caballero de Borgo\u00f1a, nacido a finales del siglo XII, el dolor por la muerte de su madre lo llevar\u00eda a una profunda vocaci\u00f3n religiosa.                             Fue hombre carism\u00e1tico de notable personalidad. Gran penitente, siempre preocupado por que la disciplina, austeridad, oraci\u00f3n y sencillez rigiesen el monasterio de Claraval y sus otras fundaciones.             Consideraba que hab\u00eda distintos medios de llegar a Dios en una vida de santidad, pues entend\u00eda que \u00c9l conced\u00eda distintas vocaciones y capacidades a las personas.                                                                 En la vida del abad hubo una uni\u00f3n arm\u00f3nica del misticismo y la teolog\u00eda. Uni\u00f3n que queda reflejada en la vida de los monjes cistercienses sobre dos principios fundamentales: oraci\u00f3n y trabajo. <\/p>\n\n\n\n<p>En su vida p\u00fablica, San Bernardo destacar\u00e1 por su enfrentamiento contra la herej\u00eda y el apoyo a las Cruzadas. La imagen lleva el h\u00e1bito blanco propio de los cistercienses. El b\u00e1culo representa la calidad de abad de San Bernardo.<\/p>\n\n\n\n<p>El libro representa la \u201cRegla\u201d escrita por San Bernardo. Es decir, el conjunto de normas que regula el funcionamiento del monasterio y sus habitantes.   <\/p>\n\n\n\n<p>Esta imagen fue tallada por el imaginero David Segarra, esculpida a tama\u00f1o natural en madera de cedro y policromada al \u00f3leo. Fue bendecida en 2013 por el arcipreste de San Roque, reverendo D. Juan P\u00e9rez Varo.<\/p>\n<\/div><\/div>\n\n\n<style>.wp-block-kadence-spacer.kt-block-spacer-_5ddd3a-1d .kt-block-spacer{height:20px;}.wp-block-kadence-spacer.kt-block-spacer-_5ddd3a-1d .kt-divider{border-top-width:1px;height:1px;border-top-color:#eee;width:80%;border-top-style:solid;}<\/style>\n<div class=\"wp-block-kadence-spacer aligncenter kt-block-spacer-_5ddd3a-1d\"><div class=\"kt-block-spacer kt-block-spacer-halign-center\"><hr class=\"kt-divider\"\/><\/div><\/div>\n\n\n\n<div class=\"wp-block-columns is-layout-flex wp-container-core-columns-is-layout-9d6595d7 wp-block-columns-is-layout-flex\">\n<div class=\"wp-block-column is-layout-flow wp-block-column-is-layout-flow\">\n<p><strong>Oraci\u00f3n de San Bernardo ACORDAOS<\/strong><\/p>\n\n\n\n<p>\u00abRuega por nosotros.\u201d<\/p>\n\n\n\n<p>Acordaos,  \u00a1oh piados\u00edsima Virgen Mar\u00eda!, que jam\u00e1s se ha o\u00eddo decir que ninguno de los que han acudido a vuestra protecci\u00f3n, implorando vuestro auxilio, haya sido desamparado.<\/p>\n\n\n\n<p>Animado por esta confianza, a Vos acudo, Madre, Virgen de las v\u00edrgenes, y gimiendo bajo el peso de mis pecados me atrevo a comparecer ante Vos.    Madre de Dios, no desech\u00e9is mis s\u00faplicas, antes bien, escuchadlas y acogedlas benignamente. Am\u00e9n.<\/p>\n\n\n\n<p>Padre nuestro, Ave Mar\u00eda y Gloria. <\/p>\n\n\n\n<p>AMEN<\/p>\n\n\n\n<div style=\"height:8px\" aria-hidden=\"true\" class=\"wp-block-spacer\"><\/div>\n\n\n\n<div style=\"height:100px\" aria-hidden=\"true\" class=\"wp-block-spacer\"><\/div>\n<\/div>\n\n\n\n<div class=\"wp-block-column is-layout-flow wp-block-column-is-layout-flow\">\n<pre id=\"block-0f722fe4-fd3d-415f-a383-428a3b99b0b9\" class=\"wp-block-preformatted has-white-color has-text-color has-background has-small-font-size\" style=\"background-color:#4b4545\">Enlaces con m\u00e1s informaci\u00f3n sobre San Bernardo de Claraval.\n\nCofrad\u00eda de la Sagrada Mortaja\t\nhttp:\/\/www.sagradamortaja.com\/\n\nBiograf\u00eda de San Bernardo de Claraval https:\/\/m.arteguias.com\/biografia\/sanbernardodeclaraval.htm\n\nSan Bernardo de Claraval\thttps:\/\/www.corazones.org\/santos\/bernardo_claraval.htm\n\n\n\n<\/pre>\n<\/div>\n<\/div>\n","protected":false},"excerpt":{"rendered":"<p>San Bernardo De Claraval En el lateral izquierdo de la parroquia, al lado del Descendimiento, destaca la figura de un monje de h\u00e1bito blanco con b\u00e1culo. Es una representaci\u00f3n de San Bernardo, monje cisterciense y abad del monasterio de Claraval. Con \u00e9l se expandi\u00f3 la orden del Cister por toda Europa. Fue posiblemente el personaje&#8230;<\/p>\n","protected":false},"author":1,"featured_media":0,"parent":0,"menu_order":0,"comment_status":"closed","ping_status":"closed","template":"","meta":{"footnotes":""},"class_list":["post-25788","page","type-page","status-publish","hentry"],"_links":{"self":[{"href":"https:\/\/sanantonioalgeciras.com\/index.php\/wp-json\/wp\/v2\/pages\/25788","targetHints":{"allow":["GET"]}}],"collection":[{"href":"https:\/\/sanantonioalgeciras.com\/index.php\/wp-json\/wp\/v2\/pages"}],"about":[{"href":"https:\/\/sanantonioalgeciras.com\/index.php\/wp-json\/wp\/v2\/types\/page"}],"author":[{"embeddable":true,"href":"https:\/\/sanantonioalgeciras.com\/index.php\/wp-json\/wp\/v2\/users\/1"}],"replies":[{"embeddable":true,"href":"https:\/\/sanantonioalgeciras.com\/index.php\/wp-json\/wp\/v2\/comments?post=25788"}],"version-history":[{"count":17,"href":"https:\/\/sanantonioalgeciras.com\/index.php\/wp-json\/wp\/v2\/pages\/25788\/revisions"}],"predecessor-version":[{"id":26859,"href":"https:\/\/sanantonioalgeciras.com\/index.php\/wp-json\/wp\/v2\/pages\/25788\/revisions\/26859"}],"wp:attachment":[{"href":"https:\/\/sanantonioalgeciras.com\/index.php\/wp-json\/wp\/v2\/media?parent=25788"}],"curies":[{"name":"wp","href":"https:\/\/api.w.org\/{rel}","templated":true}]}}