{"id":26673,"date":"2023-01-13T17:29:56","date_gmt":"2023-01-13T17:29:56","guid":{"rendered":"https:\/\/sanantonioalgeciras.com\/?page_id=26673"},"modified":"2023-01-31T20:54:05","modified_gmt":"2023-01-31T20:54:05","slug":"sobre-santa-angela","status":"publish","type":"page","link":"https:\/\/sanantonioalgeciras.com\/index.php\/sobre-santa-angela\/","title":{"rendered":"SOBRE SANTA ANGELA"},"content":{"rendered":"<style>.wp-block-kadence-advancedheading.kt-adv-heading_c84990-d4, .wp-block-kadence-advancedheading.kt-adv-heading_c84990-d4[data-kb-block=\"kb-adv-heading_c84990-d4\"]{font-style:normal;font-family:-apple-system,BlinkMacSystemFont,\"Segoe UI\",Roboto,Oxygen-Sans,Ubuntu,Cantarell,\"Helvetica Neue\",sans-serif, \"Apple Color Emoji\", \"Segoe UI Emoji\", \"Segoe UI Symbol\";letter-spacing:1px;}.wp-block-kadence-advancedheading.kt-adv-heading_c84990-d4 mark, .wp-block-kadence-advancedheading.kt-adv-heading_c84990-d4[data-kb-block=\"kb-adv-heading_c84990-d4\"] mark{font-style:normal;color:#f76a0c;border-color:#ffffff;padding-top:0px;padding-right:0px;padding-bottom:0px;padding-left:0px;}<\/style>\n<h2 class=\"kt-adv-heading_c84990-d4 wp-block-kadence-advancedheading\" data-kb-block=\"kb-adv-heading_c84990-d4\"><strong>Sobre Santa Angela de la Cruz<\/strong><\/h2>\n\n\n<style>.wp-block-kadence-spacer.kt-block-spacer-_ba417b-ee .kt-block-spacer{height:10px;}.wp-block-kadence-spacer.kt-block-spacer-_ba417b-ee .kt-divider{border-top-width:1px;height:1px;border-top-color:#eee;width:80%;border-top-style:solid;}<\/style>\n<div class=\"wp-block-kadence-spacer aligncenter kt-block-spacer-_ba417b-ee\"><div class=\"kt-block-spacer kt-block-spacer-halign-center\"><hr class=\"kt-divider\"\/><\/div><\/div>\n\n\n\n<div class=\"wp-block-media-text alignwide is-stacked-on-mobile\" style=\"grid-template-columns:21% auto\"><figure class=\"wp-block-media-text__media\"><img loading=\"lazy\" decoding=\"async\" width=\"576\" height=\"1024\" src=\"https:\/\/sanantonioalgeciras.com\/wp-content\/uploads\/2022\/11\/WhatsApp-Image-2022-11-24-at-5.32.42-PM.jpeg\" alt=\"\" class=\"wp-image-25485 size-full\" srcset=\"https:\/\/sanantonioalgeciras.com\/wp-content\/uploads\/2022\/11\/WhatsApp-Image-2022-11-24-at-5.32.42-PM.jpeg 576w, https:\/\/sanantonioalgeciras.com\/wp-content\/uploads\/2022\/11\/WhatsApp-Image-2022-11-24-at-5.32.42-PM-169x300.jpeg 169w, https:\/\/sanantonioalgeciras.com\/wp-content\/uploads\/2022\/11\/WhatsApp-Image-2022-11-24-at-5.32.42-PM-555x987.jpeg 555w, https:\/\/sanantonioalgeciras.com\/wp-content\/uploads\/2022\/11\/WhatsApp-Image-2022-11-24-at-5.32.42-PM-360x640.jpeg 360w, https:\/\/sanantonioalgeciras.com\/wp-content\/uploads\/2022\/11\/WhatsApp-Image-2022-11-24-at-5.32.42-PM-262x466.jpeg 262w\" sizes=\"auto, (max-width: 576px) 100vw, 576px\" \/><\/figure><div class=\"wp-block-media-text__content\">\n<p>En el lateral izquierdo de la parroquia, cerca del Sagrario y al lado del Descendimiento, tenemos la figura de una monja con h\u00e1bito de color marr\u00f3n.<\/p>\n\n\n\n<p>Es una imagen de Santa \u00c1ngela de la Cruz, c\u00e9lebre monja sevillana de los siglos XIX y XX, \u201cmadre de los pobres\u201d, canonizada en 2003, que fund\u00f3 la congregaci\u00f3n de las Hermanas de la Compa\u00f1\u00eda de la Cruz. Orden dedicada a ayudar a los m\u00e1s necesitados. En sus palabras: \u201cservir a los pobres por amor a Jesucristo\u201d.<\/p>\n\n\n\n<p>Nacida en el seno de una familia muy humilde, qued\u00f3 pronto hu\u00e9rfana de padre. A pesar de ser peque\u00f1a, menuda y enfermiza, ya de joven nadie osaba blasfemar en su presencia. Por necesidad, sali\u00f3 pronto del colegio para trabajar como zapatera. No tardar\u00e1 en ayudar a los pobres del lugar y, antes de los 20 a\u00f1os, se ver\u00e1 envuelta en la epidemia de c\u00f3lera que asol\u00f3 Sevilla en 1865, multiplicando sus esfuerzos para ayudar a los enfermos.   <\/p>\n\n\n\n<p>Quiso entrar en las Carmelitas Descalzas, sin \u00e9xito. Ingres\u00f3 en las    Hermanas de la Caridad y visti\u00f3 el h\u00e1bito, pero hubo de salir del convento al enfermar. Viendo que no pod\u00eda ser monja en el convento, se dijo a si misma: \u00abSer\u00e9 monja en el mundo\u00bb e hizo los Votos religiosos. <\/p>\n\n\n\n<p>Cada a\u00f1o se realiza en la parroquia la Exaltaci\u00f3n de la Santa. En 2022 se realiz\u00f3 el 5 de noviembre la XVIII Exaltaci\u00f3n.<\/p>\n<\/div><\/div>\n\n\n<style>.wp-block-kadence-spacer.kt-block-spacer-_754420-38 .kt-block-spacer{height:40px;}.wp-block-kadence-spacer.kt-block-spacer-_754420-38 .kt-divider{border-top-width:1px;height:1px;border-top-color:#eee;width:80%;border-top-style:solid;}<\/style>\n<div class=\"wp-block-kadence-spacer aligncenter kt-block-spacer-_754420-38\"><div class=\"kt-block-spacer kt-block-spacer-halign-center\"><hr class=\"kt-divider\"\/><\/div><\/div>\n\n\n\n<div class=\"wp-block-columns are-vertically-aligned-bottom is-layout-flex wp-container-core-columns-is-layout-9d6595d7 wp-block-columns-is-layout-flex\">\n<div class=\"wp-block-column is-vertically-aligned-bottom is-layout-flow wp-block-column-is-layout-flow\"><style>.wp-block-kadence-advancedheading.kt-adv-heading_37bdc5-b4, .wp-block-kadence-advancedheading.kt-adv-heading_37bdc5-b4[data-kb-block=\"kb-adv-heading_37bdc5-b4\"]{font-size:18px;line-height:22px;font-style:normal;font-family:-apple-system,BlinkMacSystemFont,\"Segoe UI\",Roboto,Oxygen-Sans,Ubuntu,Cantarell,\"Helvetica Neue\",sans-serif, \"Apple Color Emoji\", \"Segoe UI Emoji\", \"Segoe UI Symbol\";letter-spacing:1px;}.wp-block-kadence-advancedheading.kt-adv-heading_37bdc5-b4 mark, .wp-block-kadence-advancedheading.kt-adv-heading_37bdc5-b4[data-kb-block=\"kb-adv-heading_37bdc5-b4\"] mark{font-style:normal;color:#f76a0c;border-color:#ffffff;padding-top:0px;padding-right:0px;padding-bottom:0px;padding-left:0px;}<\/style>\n<h4 class=\"kt-adv-heading_37bdc5-b4 wp-block-kadence-advancedheading\" data-kb-block=\"kb-adv-heading_37bdc5-b4\"><em>                                                   <\/em><\/h4>\n\n\n\n<div style=\"height:8px\" aria-hidden=\"true\" class=\"wp-block-spacer\"><\/div>\n\n\n\n<div style=\"height:15px\" aria-hidden=\"true\" class=\"wp-block-spacer\"><\/div>\n<\/div>\n<\/div>\n\n\n\n<div class=\"wp-block-columns is-layout-flex wp-container-core-columns-is-layout-9d6595d7 wp-block-columns-is-layout-flex\">\n<div class=\"wp-block-column is-layout-flow wp-block-column-is-layout-flow\">\n<p><strong>Oraci\u00f3n: Novena a Santa \u00c1ngela de la Cruz<\/strong><\/p>\n\n\n\n<p>Dios de toda bondad, que iluminaste a Santa \u00c1ngela, virgen, con la sabidur\u00eda de la cruz, para que reconociese a tu Hijo Jesucristo en los pobres y enfermos abandonados, y los sirviese como humilde esclava, conc\u00e9denos la gracia que te pedimos por su intercesi\u00f3n, en esta novena.<\/p>\n\n\n\n<p>As\u00ed tambi\u00e9n, inspira en nosotros el deseo de seguir su ejemplo, abrazando cada d\u00eda nuestra propia cruz, en uni\u00f3n con Cristo crucificado y sirviendo a nuestros hermanos con amor.<\/p>\n\n\n\n<p>Te lo pedimos por el mismo Jesucristo, Hijo tuyo y Se\u00f1or nuestros.<\/p>\n\n\n\n<p><em>Am\u00e9n                                                   <\/em><\/p>\n\n\n\n<p><em>Padre nuestro, Ave Mar\u00eda y Gloria.                                    <\/em><\/p>\n\n\n\n<p><em>Santa \u00c1ngela de la Cruz Ruega por nosotros<\/em>.<\/p>\n\n\n\n<p>AMEN<\/p>\n<\/div>\n\n\n\n<div class=\"wp-block-column is-layout-flow wp-block-column-is-layout-flow\">\n<pre id=\"block-0f722fe4-fd3d-415f-a383-428a3b99b0b9\" class=\"wp-block-preformatted has-white-color has-text-color has-background has-small-font-size\" style=\"background-color:#4b4545\">Enlaces con m\u00e1s informaci\u00f3n sobre Santa \u00c1ngela de la Cruz\n\nHermanas de la Cruz\thttps:\/\/www.hermanasdelacruz.org\/\n\nBiograf\u00eda de Sor \u00c1ngela\thttps:\/\/www.hermandades-de-sevilla.org\/sorangela\/index2.htm\n\n\n\n<\/pre>\n<\/div>\n<\/div>\n","protected":false},"excerpt":{"rendered":"<p>Sobre Santa Angela de la Cruz En el lateral izquierdo de la parroquia, cerca del Sagrario y al lado del Descendimiento, tenemos la figura de una monja con h\u00e1bito de color marr\u00f3n. Es una imagen de Santa \u00c1ngela de la Cruz, c\u00e9lebre monja sevillana de los siglos XIX y XX, \u201cmadre de los pobres\u201d, canonizada&#8230;<\/p>\n","protected":false},"author":1,"featured_media":0,"parent":0,"menu_order":0,"comment_status":"closed","ping_status":"closed","template":"","meta":{"footnotes":""},"class_list":["post-26673","page","type-page","status-publish","hentry"],"_links":{"self":[{"href":"https:\/\/sanantonioalgeciras.com\/index.php\/wp-json\/wp\/v2\/pages\/26673","targetHints":{"allow":["GET"]}}],"collection":[{"href":"https:\/\/sanantonioalgeciras.com\/index.php\/wp-json\/wp\/v2\/pages"}],"about":[{"href":"https:\/\/sanantonioalgeciras.com\/index.php\/wp-json\/wp\/v2\/types\/page"}],"author":[{"embeddable":true,"href":"https:\/\/sanantonioalgeciras.com\/index.php\/wp-json\/wp\/v2\/users\/1"}],"replies":[{"embeddable":true,"href":"https:\/\/sanantonioalgeciras.com\/index.php\/wp-json\/wp\/v2\/comments?post=26673"}],"version-history":[{"count":8,"href":"https:\/\/sanantonioalgeciras.com\/index.php\/wp-json\/wp\/v2\/pages\/26673\/revisions"}],"predecessor-version":[{"id":26892,"href":"https:\/\/sanantonioalgeciras.com\/index.php\/wp-json\/wp\/v2\/pages\/26673\/revisions\/26892"}],"wp:attachment":[{"href":"https:\/\/sanantonioalgeciras.com\/index.php\/wp-json\/wp\/v2\/media?parent=26673"}],"curies":[{"name":"wp","href":"https:\/\/api.w.org\/{rel}","templated":true}]}}

<style>.wp-block-kadence-advancedheading.kt-adv-heading_c84990-d4, .wp-block-kadence-advancedheading.kt-adv-heading_c84990-d4[data-kb-block="kb-adv-heading_c84990-d4"]{font-style:normal;font-family:-apple-system,BlinkMacSystemFont,"Segoe UI",Roboto,Oxygen-Sans,Ubuntu,Cantarell,"Helvetica Neue",sans-serif, "Apple Color Emoji", "Segoe UI Emoji", "Segoe UI Symbol";letter-spacing:1px;}.wp-block-kadence-advancedheading.kt-adv-heading_c84990-d4 mark, .wp-block-kadence-advancedheading.kt-adv-heading_c84990-d4[data-kb-block="kb-adv-heading_c84990-d4"] mark{font-style:normal;color:#f76a0c;border-color:#ffffff;padding-top:0px;padding-right:0px;padding-bottom:0px;padding-left:0px;}</style>
<h2 class="kt-adv-heading_c84990-d4 wp-block-kadence-advancedheading" data-kb-block="kb-adv-heading_c84990-d4"><strong>Sobre Santa Angela de la Cruz</strong></h2>


<style>.wp-block-kadence-spacer.kt-block-spacer-_ba417b-ee .kt-block-spacer{height:10px;}.wp-block-kadence-spacer.kt-block-spacer-_ba417b-ee .kt-divider{border-top-width:1px;height:1px;border-top-color:#eee;width:80%;border-top-style:solid;}</style>
<div class="wp-block-kadence-spacer aligncenter kt-block-spacer-_ba417b-ee"><div class="kt-block-spacer kt-block-spacer-halign-center"><hr class="kt-divider"/></div></div>



<div class="wp-block-media-text alignwide is-stacked-on-mobile" style="grid-template-columns:21% auto"><figure class="wp-block-media-text__media"><img loading="lazy" decoding="async" width="576" height="1024" src="https://sanantonioalgeciras.com/wp-content/uploads/2022/11/WhatsApp-Image-2022-11-24-at-5.32.42-PM.jpeg" alt="" class="wp-image-25485 size-full" srcset="https://sanantonioalgeciras.com/wp-content/uploads/2022/11/WhatsApp-Image-2022-11-24-at-5.32.42-PM.jpeg 576w, https://sanantonioalgeciras.com/wp-content/uploads/2022/11/WhatsApp-Image-2022-11-24-at-5.32.42-PM-169x300.jpeg 169w, https://sanantonioalgeciras.com/wp-content/uploads/2022/11/WhatsApp-Image-2022-11-24-at-5.32.42-PM-555x987.jpeg 555w, https://sanantonioalgeciras.com/wp-content/uploads/2022/11/WhatsApp-Image-2022-11-24-at-5.32.42-PM-360x640.jpeg 360w, https://sanantonioalgeciras.com/wp-content/uploads/2022/11/WhatsApp-Image-2022-11-24-at-5.32.42-PM-262x466.jpeg 262w" sizes="auto, (max-width: 576px) 100vw, 576px" /></figure><div class="wp-block-media-text__content">
<p>En el lateral izquierdo de la parroquia, cerca del Sagrario y al lado del Descendimiento, tenemos la figura de una monja con hábito de color marrón.</p>



<p>Es una imagen de Santa Ángela de la Cruz, célebre monja sevillana de los siglos XIX y XX, “madre de los pobres”, canonizada en 2003, que fundó la congregación de las Hermanas de la Compañía de la Cruz. Orden dedicada a ayudar a los más necesitados. En sus palabras: “servir a los pobres por amor a Jesucristo”.</p>



<p>Nacida en el seno de una familia muy humilde, quedó pronto huérfana de padre. A pesar de ser pequeña, menuda y enfermiza, ya de joven nadie osaba blasfemar en su presencia. Por necesidad, salió pronto del colegio para trabajar como zapatera. No tardará en ayudar a los pobres del lugar y, antes de los 20 años, se verá envuelta en la epidemia de cólera que asoló Sevilla en 1865, multiplicando sus esfuerzos para ayudar a los enfermos.   </p>



<p>Quiso entrar en las Carmelitas Descalzas, sin éxito. Ingresó en las    Hermanas de la Caridad y vistió el hábito, pero hubo de salir del convento al enfermar. Viendo que no podía ser monja en el convento, se dijo a si misma: «Seré monja en el mundo» e hizo los Votos religiosos. </p>



<p>Cada año se realiza en la parroquia la Exaltación de la Santa. En 2022 se realizó el 5 de noviembre la XVIII Exaltación.</p>
</div></div>


<style>.wp-block-kadence-spacer.kt-block-spacer-_754420-38 .kt-block-spacer{height:40px;}.wp-block-kadence-spacer.kt-block-spacer-_754420-38 .kt-divider{border-top-width:1px;height:1px;border-top-color:#eee;width:80%;border-top-style:solid;}</style>
<div class="wp-block-kadence-spacer aligncenter kt-block-spacer-_754420-38"><div class="kt-block-spacer kt-block-spacer-halign-center"><hr class="kt-divider"/></div></div>



<div class="wp-block-columns are-vertically-aligned-bottom is-layout-flex wp-container-core-columns-is-layout-9d6595d7 wp-block-columns-is-layout-flex">
<div class="wp-block-column is-vertically-aligned-bottom is-layout-flow wp-block-column-is-layout-flow"><style>.wp-block-kadence-advancedheading.kt-adv-heading_37bdc5-b4, .wp-block-kadence-advancedheading.kt-adv-heading_37bdc5-b4[data-kb-block="kb-adv-heading_37bdc5-b4"]{font-size:18px;line-height:22px;font-style:normal;font-family:-apple-system,BlinkMacSystemFont,"Segoe UI",Roboto,Oxygen-Sans,Ubuntu,Cantarell,"Helvetica Neue",sans-serif, "Apple Color Emoji", "Segoe UI Emoji", "Segoe UI Symbol";letter-spacing:1px;}.wp-block-kadence-advancedheading.kt-adv-heading_37bdc5-b4 mark, .wp-block-kadence-advancedheading.kt-adv-heading_37bdc5-b4[data-kb-block="kb-adv-heading_37bdc5-b4"] mark{font-style:normal;color:#f76a0c;border-color:#ffffff;padding-top:0px;padding-right:0px;padding-bottom:0px;padding-left:0px;}</style>
<h4 class="kt-adv-heading_37bdc5-b4 wp-block-kadence-advancedheading" data-kb-block="kb-adv-heading_37bdc5-b4"><em>                                                   </em></h4>



<div style="height:8px" aria-hidden="true" class="wp-block-spacer"></div>



<div style="height:15px" aria-hidden="true" class="wp-block-spacer"></div>
</div>
</div>



<div class="wp-block-columns is-layout-flex wp-container-core-columns-is-layout-9d6595d7 wp-block-columns-is-layout-flex">
<div class="wp-block-column is-layout-flow wp-block-column-is-layout-flow">
<p><strong>Oración: Novena a Santa Ángela de la Cruz</strong></p>



<p>Dios de toda bondad, que iluminaste a Santa Ángela, virgen, con la sabiduría de la cruz, para que reconociese a tu Hijo Jesucristo en los pobres y enfermos abandonados, y los sirviese como humilde esclava, concédenos la gracia que te pedimos por su intercesión, en esta novena.</p>



<p>Así también, inspira en nosotros el deseo de seguir su ejemplo, abrazando cada día nuestra propia cruz, en unión con Cristo crucificado y sirviendo a nuestros hermanos con amor.</p>



<p>Te lo pedimos por el mismo Jesucristo, Hijo tuyo y Señor nuestros.</p>



<p><em>Amén                                                   </em></p>



<p><em>Padre nuestro, Ave María y Gloria.                                    </em></p>



<p><em>Santa Ángela de la Cruz Ruega por nosotros</em>.</p>



<p>AMEN</p>
</div>



<div class="wp-block-column is-layout-flow wp-block-column-is-layout-flow">
<pre id="block-0f722fe4-fd3d-415f-a383-428a3b99b0b9" class="wp-block-preformatted has-white-color has-text-color has-background has-small-font-size" style="background-color:#4b4545">Enlaces con más información sobre Santa Ángela de la Cruz

Hermanas de la Cruz	https://www.hermanasdelacruz.org/

Biografía de Sor Ángela	https://www.hermandades-de-sevilla.org/sorangela/index2.htm



</pre>
</div>
</div>

<p>Sobre Santa Angela de la Cruz En el lateral izquierdo de la parroquia, cerca del Sagrario y al lado del Descendimiento, tenemos la figura de una monja con hábito de color marrón. Es una imagen de Santa Ángela de la Cruz, célebre monja sevillana de los siglos XIX y XX, “madre de los pobres”, canonizada&#8230;</p>
