{"id":276,"date":"2013-03-22T18:53:51","date_gmt":"2013-03-22T18:53:51","guid":{"rendered":"https:\/\/church-event.vamtam.com\/?page_id=276"},"modified":"2013-03-22T18:53:51","modified_gmt":"2013-03-22T18:53:51","slug":"blog-layout-2","status":"publish","type":"page","link":"https:\/\/sanantonioalgeciras.com\/index.php\/blog-layout-2\/","title":{"rendered":"Blog Layout 2"},"content":{"rendered":"<div class=\"loop-wrapper clearfix regular normal paginated\" data-columns=\"1\">\n\t\t<div class=\"page-content post-header clearfix list-item post-27289 post type-post status-publish format-standard has-post-thumbnail hentry category-proximoseventos\" >\n\t\t\t<div>\n\t\t\t\t<div class=\"post-article has-image-wrapper \">\n\t<div class=\"standard-post-format clearfix as-image \">\n\t\t<div class=\"post-row\">\n\t<div class=\"post-row-left\">\n\t\n<div class=\"post-date\">\n\t\t\t<span class=\"top-part\">\n\t\t\t17\t\t<\/span>\n\t\t<span class=\"bottom-part\">\n\t\t\t03 '25\t\t<\/span>\n\t<\/div>\t<div class=\"post-left-actions\">\n\t\t\t<\/div>\n<\/div>\n\t<div class=\"post-row-center\">\n\t\t\t\t\t<div class=\"post-media\">\n\t\t\t\t<div class='media-inner'>\n\t\t\t\t\t\n\t\t\t\t\t<img loading=\"lazy\" decoding=\"async\" width=\"261\" height=\"369\" src=\"https:\/\/sanantonioalgeciras.com\/wp-content\/uploads\/2025\/03\/charla-san-antonio-pdf.jpg\" class=\"attachment-post-loop size-post-loop wp-post-image\" alt=\"\" \/>\n\t\t\t\t\t\t\t\t\t<\/div>\n\t\t\t<\/div>\n\t\t\t\t<div class=\"post-content-outer\">\n\t\t\t\t\t<header class=\"single\">\n\t\t\t<div class=\"content\">\n\t\t\t\t\t\t\t\t<h3>\n\t\t\t\t\t<a href=\"https:\/\/sanantonioalgeciras.com\/index.php\/2025\/03\/17\/de-enfermera-abortista-a-misionera-pro-vida\/\" title=\"DE ENFERMERA ABORTISTA A MISIONERA PRO VIDA\">DE ENFERMERA ABORTISTA A MISIONERA PRO VIDA<\/a>\n\t\t\t\t<\/h3>\n\t\t\t<\/div>\n\t\t<\/header>\n\t<div class=\"post-content the-content\">\n\t<p>Querida familia, con gran alegr\u00eda, os anuncio que tendremos en nuestra parroquia a Mar\u00eda de Himalaya. Su testimonio de vida, de enfermera abortista a misionera provida, es alucinante. La misericordia de Dios, as\u00ed como misioneras de la Caridad, de Madre Teresa de Calcuta, tienen mucho que decir en su testimonio. El d\u00eda 5 de abril&#8230;<\/p>\n<\/div><div class=\"post-meta\">\n\t<nav class=\"clearfix\">\n\t\t\n\t\t\t\t\t\t\t\t<\/nav>\n<\/div>\t\t<\/div>\n\t<\/div>\n\t<\/div>\t<\/div>\n<\/div>\n\t\t\t<\/div>\n\t\t<\/div>\n\t\t<div class=\"page-content post-header clearfix list-item post-27282 post type-post status-publish format-standard has-post-thumbnail hentry category-proximoseventos\" >\n\t\t\t<div>\n\t\t\t\t<div class=\"post-article has-image-wrapper \">\n\t<div class=\"standard-post-format clearfix as-image \">\n\t\t<div class=\"post-row\">\n\t<div class=\"post-row-left\">\n\t\n<div class=\"post-date\">\n\t\t\t<span class=\"top-part\">\n\t\t\t02\t\t<\/span>\n\t\t<span class=\"bottom-part\">\n\t\t\t02 '25\t\t<\/span>\n\t<\/div>\t<div class=\"post-left-actions\">\n\t\t\t<\/div>\n<\/div>\n\t<div class=\"post-row-center\">\n\t\t\t\t\t<div class=\"post-media\">\n\t\t\t\t<div class='media-inner'>\n\t\t\t\t\t\n\t\t\t\t\t<img loading=\"lazy\" decoding=\"async\" width=\"480\" height=\"369\" src=\"https:\/\/sanantonioalgeciras.com\/wp-content\/uploads\/2025\/02\/CATEQUESIS-ADULTOS-480x369.jpg\" class=\"attachment-post-loop size-post-loop wp-post-image\" alt=\"\" srcset=\"https:\/\/sanantonioalgeciras.com\/wp-content\/uploads\/2025\/02\/CATEQUESIS-ADULTOS-480x369.jpg 480w, https:\/\/sanantonioalgeciras.com\/wp-content\/uploads\/2025\/02\/CATEQUESIS-ADULTOS-555x426.jpg 555w, https:\/\/sanantonioalgeciras.com\/wp-content\/uploads\/2025\/02\/CATEQUESIS-ADULTOS-360x276.jpg 360w, https:\/\/sanantonioalgeciras.com\/wp-content\/uploads\/2025\/02\/CATEQUESIS-ADULTOS-262x201.jpg 262w\" sizes=\"auto, (max-width: 480px) 100vw, 480px\" \/>\n\t\t\t\t\t\t\t\t\t<\/div>\n\t\t\t<\/div>\n\t\t\t\t<div class=\"post-content-outer\">\n\t\t\t\t\t<header class=\"single\">\n\t\t\t<div class=\"content\">\n\t\t\t\t\t\t\t\t<h3>\n\t\t\t\t\t<a href=\"https:\/\/sanantonioalgeciras.com\/index.php\/2025\/02\/02\/catequesis-confirmacion-adultos\/\" title=\"CATEQUESIS CONFIRMACI\u00d3N ADULTOS\">CATEQUESIS CONFIRMACI\u00d3N ADULTOS<\/a>\n\t\t\t\t<\/h3>\n\t\t\t<\/div>\n\t\t<\/header>\n\t<div class=\"post-content the-content\">\n\t<p>El pr\u00f3ximo d\u00eda 19 de febrero comenzamos un nuevo ciclo de catequesis preparatoria para recibir el sacramento de la confirmaci\u00f3n.El n\u00famero 879 del C\u00f3digo de Derecho Can\u00f3nico dice: \u00abEl sacramento de la confirmaci\u00f3n, que imprime car\u00e1cter y por el que los bautizados, avanzando por el camino de la iniciaci\u00f3n cristiana, quedan enriquecidos con el don&#8230;<\/p>\n<\/div><div class=\"post-meta\">\n\t<nav class=\"clearfix\">\n\t\t\n\t\t\t\t\t\t\t\t<\/nav>\n<\/div>\t\t<\/div>\n\t<\/div>\n\t<\/div>\t<\/div>\n<\/div>\n\t\t\t<\/div>\n\t\t<\/div>\n\t\t<div class=\"page-content post-header clearfix list-item post-27279 post type-post status-publish format-standard has-post-thumbnail hentry category-proximoseventos\" >\n\t\t\t<div>\n\t\t\t\t<div class=\"post-article has-image-wrapper \">\n\t<div class=\"standard-post-format clearfix as-image \">\n\t\t<div class=\"post-row\">\n\t<div class=\"post-row-left\">\n\t\n<div class=\"post-date\">\n\t\t\t<span class=\"top-part\">\n\t\t\t27\t\t<\/span>\n\t\t<span class=\"bottom-part\">\n\t\t\t01 '25\t\t<\/span>\n\t<\/div>\t<div class=\"post-left-actions\">\n\t\t\t<\/div>\n<\/div>\n\t<div class=\"post-row-center\">\n\t\t\t\t\t<div class=\"post-media\">\n\t\t\t\t<div class='media-inner'>\n\t\t\t\t\t\n\t\t\t\t\t<img loading=\"lazy\" decoding=\"async\" width=\"480\" height=\"369\" src=\"https:\/\/sanantonioalgeciras.com\/wp-content\/uploads\/2025\/01\/misa-de-las-candelas-480x369.jpg\" class=\"attachment-post-loop size-post-loop wp-post-image\" alt=\"\" srcset=\"https:\/\/sanantonioalgeciras.com\/wp-content\/uploads\/2025\/01\/misa-de-las-candelas-480x369.jpg 480w, https:\/\/sanantonioalgeciras.com\/wp-content\/uploads\/2025\/01\/misa-de-las-candelas-555x426.jpg 555w, https:\/\/sanantonioalgeciras.com\/wp-content\/uploads\/2025\/01\/misa-de-las-candelas-360x276.jpg 360w, https:\/\/sanantonioalgeciras.com\/wp-content\/uploads\/2025\/01\/misa-de-las-candelas-262x201.jpg 262w\" sizes=\"auto, (max-width: 480px) 100vw, 480px\" \/>\n\t\t\t\t\t\t\t\t\t<\/div>\n\t\t\t<\/div>\n\t\t\t\t<div class=\"post-content-outer\">\n\t\t\t\t\t<header class=\"single\">\n\t\t\t<div class=\"content\">\n\t\t\t\t\t\t\t\t<h3>\n\t\t\t\t\t<a href=\"https:\/\/sanantonioalgeciras.com\/index.php\/2025\/01\/27\/misa-de-las-candelas-2\/\" title=\"MISA DE LAS CANDELAS\">MISA DE LAS CANDELAS<\/a>\n\t\t\t\t<\/h3>\n\t\t\t<\/div>\n\t\t<\/header>\n\t<div class=\"post-content the-content\">\n\t<p>El 2 de febrero, a los 40 d\u00edas de Navidad, la Iglesia celebra la Presentaci\u00f3n del Ni\u00f1o Jes\u00fas en el templo y la Purificaci\u00f3n de Nuestra Se\u00f1ora. Tambi\u00e9n es popularmente llamada \u201cfiesta de la candelaria\u201d, porque se encienden velas. En nuestra parroquia lo celebraremos el pr\u00f3ximo domingo 2 de febrero. La bendici\u00f3n de las candelas&#8230;<\/p>\n<\/div><div class=\"post-meta\">\n\t<nav class=\"clearfix\">\n\t\t\n\t\t\t\t\t\t\t\t<\/nav>\n<\/div>\t\t<\/div>\n\t<\/div>\n\t<\/div>\t<\/div>\n<\/div>\n\t\t\t<\/div>\n\t\t<\/div>\n\t\t<div class=\"page-content post-header clearfix list-item post-27276 post type-post status-publish format-standard has-post-thumbnail hentry category-proximoseventos\" >\n\t\t\t<div>\n\t\t\t\t<div class=\"post-article has-image-wrapper \">\n\t<div class=\"standard-post-format clearfix as-image \">\n\t\t<div class=\"post-row\">\n\t<div class=\"post-row-left\">\n\t\n<div class=\"post-date\">\n\t\t\t<span class=\"top-part\">\n\t\t\t27\t\t<\/span>\n\t\t<span class=\"bottom-part\">\n\t\t\t01 '25\t\t<\/span>\n\t<\/div>\t<div class=\"post-left-actions\">\n\t\t\t<\/div>\n<\/div>\n\t<div class=\"post-row-center\">\n\t\t\t\t\t<div class=\"post-media\">\n\t\t\t\t<div class='media-inner'>\n\t\t\t\t\t\n\t\t\t\t\t<img loading=\"lazy\" decoding=\"async\" width=\"480\" height=\"369\" src=\"https:\/\/sanantonioalgeciras.com\/wp-content\/uploads\/2025\/01\/curso-prematrimonial-480x369.jpg\" class=\"attachment-post-loop size-post-loop wp-post-image\" alt=\"\" srcset=\"https:\/\/sanantonioalgeciras.com\/wp-content\/uploads\/2025\/01\/curso-prematrimonial-480x369.jpg 480w, https:\/\/sanantonioalgeciras.com\/wp-content\/uploads\/2025\/01\/curso-prematrimonial-1140x876.jpg 1140w, https:\/\/sanantonioalgeciras.com\/wp-content\/uploads\/2025\/01\/curso-prematrimonial-555x426.jpg 555w, https:\/\/sanantonioalgeciras.com\/wp-content\/uploads\/2025\/01\/curso-prematrimonial-360x276.jpg 360w, https:\/\/sanantonioalgeciras.com\/wp-content\/uploads\/2025\/01\/curso-prematrimonial-262x201.jpg 262w\" sizes=\"auto, (max-width: 480px) 100vw, 480px\" \/>\n\t\t\t\t\t\t\t\t\t<\/div>\n\t\t\t<\/div>\n\t\t\t\t<div class=\"post-content-outer\">\n\t\t\t\t\t<header class=\"single\">\n\t\t\t<div class=\"content\">\n\t\t\t\t\t\t\t\t<h3>\n\t\t\t\t\t<a href=\"https:\/\/sanantonioalgeciras.com\/index.php\/2025\/01\/27\/curso-prematrimonial\/\" title=\"CURSO PREMATRIMONIAL\">CURSO PREMATRIMONIAL<\/a>\n\t\t\t\t<\/h3>\n\t\t\t<\/div>\n\t\t<\/header>\n\t<div class=\"post-content the-content\">\n\t<p>MATRIMONIO | Si est\u00e1s pensando en casarte, no lo dudes m\u00e1s y recibe la bendici\u00f3n de vuestra relaci\u00f3n. Hay fechas disponibles. Si te falta por hacer la formaci\u00f3n, tenemos varios cursos PreMatrimoniales previstos este a\u00f1o. Si quieres continuar creciendo en el amor humano, un grupo de matrimonios es una genial opci\u00f3n. \u00a1Tenemos&nbsp;varios!<\/p>\n<\/div><div class=\"post-meta\">\n\t<nav class=\"clearfix\">\n\t\t\n\t\t\t\t\t\t\t\t<\/nav>\n<\/div>\t\t<\/div>\n\t<\/div>\n\t<\/div>\t<\/div>\n<\/div>\n\t\t\t<\/div>\n\t\t<\/div>\n<\/div>\n\n<div class=\"load-more\"><a href=\"\/index.php\/wp-json\/wp\/v2\/pages\/276?paged=2\" class=\"lm-btn button clearboth\"><span>Load more<\/span><\/a><\/div>\n","protected":false},"excerpt":{"rendered":"<p>MATRIMONIO | Si est\u00e1s pensando en casarte, no lo dudes m\u00e1s y recibe la bendici\u00f3n de vuestra relaci\u00f3n. Hay fechas disponibles. Si te falta por hacer la formaci\u00f3n, tenemos varios cursos PreMatrimoniales previstos este a\u00f1o. Si quieres continuar creciendo en el amor humano, un grupo de matrimonios es una genial opci\u00f3n. \u00a1Tenemos&nbsp;varios!<\/p>\n","protected":false},"author":1,"featured_media":0,"parent":0,"menu_order":2,"comment_status":"closed","ping_status":"closed","template":"","meta":{"footnotes":""},"class_list":["post-276","page","type-page","status-publish","hentry"],"_links":{"self":[{"href":"https:\/\/sanantonioalgeciras.com\/index.php\/wp-json\/wp\/v2\/pages\/276","targetHints":{"allow":["GET"]}}],"collection":[{"href":"https:\/\/sanantonioalgeciras.com\/index.php\/wp-json\/wp\/v2\/pages"}],"about":[{"href":"https:\/\/sanantonioalgeciras.com\/index.php\/wp-json\/wp\/v2\/types\/page"}],"author":[{"embeddable":true,"href":"https:\/\/sanantonioalgeciras.com\/index.php\/wp-json\/wp\/v2\/users\/1"}],"replies":[{"embeddable":true,"href":"https:\/\/sanantonioalgeciras.com\/index.php\/wp-json\/wp\/v2\/comments?post=276"}],"version-history":[{"count":1,"href":"https:\/\/sanantonioalgeciras.com\/index.php\/wp-json\/wp\/v2\/pages\/276\/revisions"}],"predecessor-version":[{"id":24919,"href":"https:\/\/sanantonioalgeciras.com\/index.php\/wp-json\/wp\/v2\/pages\/276\/revisions\/24919"}],"wp:attachment":[{"href":"https:\/\/sanantonioalgeciras.com\/index.php\/wp-json\/wp\/v2\/media?parent=276"}],"curies":[{"name":"wp","href":"https:\/\/api.w.org\/{rel}","templated":true}]}}

<div class="loop-wrapper clearfix regular normal paginated" data-columns="1">
		<div class="page-content post-header clearfix list-item post-27289 post type-post status-publish format-standard has-post-thumbnail hentry category-proximoseventos" >
			<div>
				<div class="post-article has-image-wrapper ">
	<div class="standard-post-format clearfix as-image ">
		<div class="post-row">
	<div class="post-row-left">
	
<div class="post-date">
			<span class="top-part">
			17		</span>
		<span class="bottom-part">
			03 '25		</span>
	</div>	<div class="post-left-actions">
			</div>
</div>
	<div class="post-row-center">
					<div class="post-media">
				<div class='media-inner'>
					
					<img loading="lazy" decoding="async" width="261" height="369" src="https://sanantonioalgeciras.com/wp-content/uploads/2025/03/charla-san-antonio-pdf.jpg" class="attachment-post-loop size-post-loop wp-post-image" alt="" />
									</div>
			</div>
				<div class="post-content-outer">
					<header class="single">
			<div class="content">
								<h3>
					<a href="https://sanantonioalgeciras.com/index.php/2025/03/17/de-enfermera-abortista-a-misionera-pro-vida/" title="DE ENFERMERA ABORTISTA A MISIONERA PRO VIDA">DE ENFERMERA ABORTISTA A MISIONERA PRO VIDA</a>
				</h3>
			</div>
		</header>
	<div class="post-content the-content">
	<p>Querida familia, con gran alegría, os anuncio que tendremos en nuestra parroquia a María de Himalaya. Su testimonio de vida, de enfermera abortista a misionera provida, es alucinante. La misericordia de Dios, así como misioneras de la Caridad, de Madre Teresa de Calcuta, tienen mucho que decir en su testimonio. El día 5 de abril&#8230;</p>
</div><div class="post-meta">
	<nav class="clearfix">
		
								</nav>
</div>		</div>
	</div>
	</div>	</div>
</div>
			</div>
		</div>
		<div class="page-content post-header clearfix list-item post-27282 post type-post status-publish format-standard has-post-thumbnail hentry category-proximoseventos" >
			<div>
				<div class="post-article has-image-wrapper ">
	<div class="standard-post-format clearfix as-image ">
		<div class="post-row">
	<div class="post-row-left">
	
<div class="post-date">
			<span class="top-part">
			02		</span>
		<span class="bottom-part">
			02 '25		</span>
	</div>	<div class="post-left-actions">
			</div>
</div>
	<div class="post-row-center">
					<div class="post-media">
				<div class='media-inner'>
					
					<img loading="lazy" decoding="async" width="480" height="369" src="https://sanantonioalgeciras.com/wp-content/uploads/2025/02/CATEQUESIS-ADULTOS-480x369.jpg" class="attachment-post-loop size-post-loop wp-post-image" alt="" srcset="https://sanantonioalgeciras.com/wp-content/uploads/2025/02/CATEQUESIS-ADULTOS-480x369.jpg 480w, https://sanantonioalgeciras.com/wp-content/uploads/2025/02/CATEQUESIS-ADULTOS-555x426.jpg 555w, https://sanantonioalgeciras.com/wp-content/uploads/2025/02/CATEQUESIS-ADULTOS-360x276.jpg 360w, https://sanantonioalgeciras.com/wp-content/uploads/2025/02/CATEQUESIS-ADULTOS-262x201.jpg 262w" sizes="auto, (max-width: 480px) 100vw, 480px" />
									</div>
			</div>
				<div class="post-content-outer">
					<header class="single">
			<div class="content">
								<h3>
					<a href="https://sanantonioalgeciras.com/index.php/2025/02/02/catequesis-confirmacion-adultos/" title="CATEQUESIS CONFIRMACIÓN ADULTOS">CATEQUESIS CONFIRMACIÓN ADULTOS</a>
				</h3>
			</div>
		</header>
	<div class="post-content the-content">
	<p>El próximo día 19 de febrero comenzamos un nuevo ciclo de catequesis preparatoria para recibir el sacramento de la confirmación.El número 879 del Código de Derecho Canónico dice: «El sacramento de la confirmación, que imprime carácter y por el que los bautizados, avanzando por el camino de la iniciación cristiana, quedan enriquecidos con el don&#8230;</p>
</div><div class="post-meta">
	<nav class="clearfix">
		
								</nav>
</div>		</div>
	</div>
	</div>	</div>
</div>
			</div>
		</div>
		<div class="page-content post-header clearfix list-item post-27279 post type-post status-publish format-standard has-post-thumbnail hentry category-proximoseventos" >
			<div>
				<div class="post-article has-image-wrapper ">
	<div class="standard-post-format clearfix as-image ">
		<div class="post-row">
	<div class="post-row-left">
	
<div class="post-date">
			<span class="top-part">
			27		</span>
		<span class="bottom-part">
			01 '25		</span>
	</div>	<div class="post-left-actions">
			</div>
</div>
	<div class="post-row-center">
					<div class="post-media">
				<div class='media-inner'>
					
					<img loading="lazy" decoding="async" width="480" height="369" src="https://sanantonioalgeciras.com/wp-content/uploads/2025/01/misa-de-las-candelas-480x369.jpg" class="attachment-post-loop size-post-loop wp-post-image" alt="" srcset="https://sanantonioalgeciras.com/wp-content/uploads/2025/01/misa-de-las-candelas-480x369.jpg 480w, https://sanantonioalgeciras.com/wp-content/uploads/2025/01/misa-de-las-candelas-555x426.jpg 555w, https://sanantonioalgeciras.com/wp-content/uploads/2025/01/misa-de-las-candelas-360x276.jpg 360w, https://sanantonioalgeciras.com/wp-content/uploads/2025/01/misa-de-las-candelas-262x201.jpg 262w" sizes="auto, (max-width: 480px) 100vw, 480px" />
									</div>
			</div>
				<div class="post-content-outer">
					<header class="single">
			<div class="content">
								<h3>
					<a href="https://sanantonioalgeciras.com/index.php/2025/01/27/misa-de-las-candelas-2/" title="MISA DE LAS CANDELAS">MISA DE LAS CANDELAS</a>
				</h3>
			</div>
		</header>
	<div class="post-content the-content">
	<p>El 2 de febrero, a los 40 días de Navidad, la Iglesia celebra la Presentación del Niño Jesús en el templo y la Purificación de Nuestra Señora. También es popularmente llamada “fiesta de la candelaria”, porque se encienden velas. En nuestra parroquia lo celebraremos el próximo domingo 2 de febrero. La bendición de las candelas&#8230;</p>
</div><div class="post-meta">
	<nav class="clearfix">
		
								</nav>
</div>		</div>
	</div>
	</div>	</div>
</div>
			</div>
		</div>
		<div class="page-content post-header clearfix list-item post-27276 post type-post status-publish format-standard has-post-thumbnail hentry category-proximoseventos" >
			<div>
				<div class="post-article has-image-wrapper ">
	<div class="standard-post-format clearfix as-image ">
		<div class="post-row">
	<div class="post-row-left">
	
<div class="post-date">
			<span class="top-part">
			27		</span>
		<span class="bottom-part">
			01 '25		</span>
	</div>	<div class="post-left-actions">
			</div>
</div>
	<div class="post-row-center">
					<div class="post-media">
				<div class='media-inner'>
					
					<img loading="lazy" decoding="async" width="480" height="369" src="https://sanantonioalgeciras.com/wp-content/uploads/2025/01/curso-prematrimonial-480x369.jpg" class="attachment-post-loop size-post-loop wp-post-image" alt="" srcset="https://sanantonioalgeciras.com/wp-content/uploads/2025/01/curso-prematrimonial-480x369.jpg 480w, https://sanantonioalgeciras.com/wp-content/uploads/2025/01/curso-prematrimonial-1140x876.jpg 1140w, https://sanantonioalgeciras.com/wp-content/uploads/2025/01/curso-prematrimonial-555x426.jpg 555w, https://sanantonioalgeciras.com/wp-content/uploads/2025/01/curso-prematrimonial-360x276.jpg 360w, https://sanantonioalgeciras.com/wp-content/uploads/2025/01/curso-prematrimonial-262x201.jpg 262w" sizes="auto, (max-width: 480px) 100vw, 480px" />
									</div>
			</div>
				<div class="post-content-outer">
					<header class="single">
			<div class="content">
								<h3>
					<a href="https://sanantonioalgeciras.com/index.php/2025/01/27/curso-prematrimonial/" title="CURSO PREMATRIMONIAL">CURSO PREMATRIMONIAL</a>
				</h3>
			</div>
		</header>
	<div class="post-content the-content">
	<p>MATRIMONIO | Si estás pensando en casarte, no lo dudes más y recibe la bendición de vuestra relación. Hay fechas disponibles. Si te falta por hacer la formación, tenemos varios cursos PreMatrimoniales previstos este año. Si quieres continuar creciendo en el amor humano, un grupo de matrimonios es una genial opción. ¡Tenemos&nbsp;varios!</p>
</div><div class="post-meta">
	<nav class="clearfix">
		
								</nav>
</div>		</div>
	</div>
	</div>	</div>
</div>
			</div>
		</div>
</div>

<div class="load-more"><a href="/index.php/wp-json/wp/v2/pages/276?paged=2" class="lm-btn button clearboth"><span>Load more</span></a></div>

<p>MATRIMONIO | Si estás pensando en casarte, no lo dudes más y recibe la bendición de vuestra relación. Hay fechas disponibles. Si te falta por hacer la formación, tenemos varios cursos PreMatrimoniales previstos este año. Si quieres continuar creciendo en el amor humano, un grupo de matrimonios es una genial opción. ¡Tenemos&nbsp;varios!</p>
