{"id":6710,"date":"2013-11-24T10:47:49","date_gmt":"2013-11-24T10:47:49","guid":{"rendered":"https:\/\/church-event.vamtam.com\/?page_id=6710"},"modified":"2023-02-02T22:01:31","modified_gmt":"2023-02-02T22:01:31","slug":"nuestrahistoria","status":"publish","type":"page","link":"https:\/\/sanantonioalgeciras.com\/index.php\/nuestrahistoria\/","title":{"rendered":"Nuestra Historia"},"content":{"rendered":"<div class=\"row \"><div class=\"wpv-grid grid-0-1  wpv-first-level first unextended\" style=\"padding-top:0px;padding-bottom:0px\" id=\"wpv-column-3c796385edf7cd10cdba8054812c834b\" ><div class=\"wpv-tabs vertical\" id=\"tabs-1\"><ul class=\"ui-tabs-nav\"><li class=\"inactive-block-title\"><h2>Nuestra Historia<\/h2><\/li><li class='tab-'><a href=\"#tab-1-0-origen\"> <span class=\"title-text\">Origen<\/span><\/a><\/li><li class='tab-'><a href=\"#tab-1-1-sacerdotes\"> <span class=\"title-text\">Sacerdotes<\/span><\/a><\/li><li class='tab-'><a href=\"#tab-1-2-templo-y-feligresia\"> <span class=\"title-text\">Templo y Feligres\u00eda<\/span><\/a><\/li><li class='tab-'><a href=\"#tab-1-3-consagracion\"> <span class=\"title-text\">Consagraci\u00f3n<\/span><\/a><\/li><\/ul><div class=\"pane\" id=\"tab-1-0-origen\"><div class=\"push\" style='height:60px'><\/div>\n<div class=\"row \"><div class=\"wpv-grid grid-1-2  first unextended\" style=\"padding-top:0px;padding-bottom:0px\" id=\"wpv-column-60328f21db5f7bbb7e78a10c9013515d\" ><div class=\"row \"><div class=\"wpv-grid grid-1-1  first unextended\" style=\"padding-top:0px;padding-bottom:0px\" id=\"wpv-column-8005da8ca764ef2d1e309093e36eb29c\" ><h1>Origen<\/h1>\n<p>La parroquia de San Antonio de Padua, desmembrada de las Parroquias del Corpus Christi, Ntra. Sra. De la Palma y San Isidro, fue erigida el 2 de agosto de 1979 e inaugurada el 3 de abril de 1982 por el Excmo y Rvdmo. Sr. D. Antonio Dorado Soto, Obispo de C\u00e1diz y Ceuta.<br \/>\n. <span style=\"color: #c0c0c0;\">.<\/span><\/div><\/div>\n<div class=\"push\" style='height:5px'><\/div>\n<div class=\"row \"><div class=\"wpv-grid grid-1-1  first unextended\" style=\"padding-top:0px;padding-bottom:0px\" id=\"wpv-column-07a868ec5dfd8f0793dc39e904456c90\" ><\/div><\/div><\/div>\n<div class=\"wpv-grid grid-1-2  unextended\" style=\"padding-top:0px;padding-bottom:0px\" id=\"wpv-column-ad70ddaa2ad481b7b007ad1ad29948c3\" ><p><img loading=\"lazy\" decoding=\"async\" class=\"aligncenter size-full wp-image-7026\" src=\"https:\/\/sanantonioalgeciras.com\/wp-content\/uploads\/2022\/10\/i10.png\" alt=\"about_small_2\" width=\"314\" height=\"314\"><\/div><\/div><\/div><div class=\"pane\" id=\"tab-1-1-sacerdotes\"><div class=\"push\" style='height:60px'><\/div>\n<div class=\"row \"><div class=\"wpv-grid grid-3-5  first unextended\" style=\"padding-top:0px;padding-bottom:0px\" id=\"wpv-column-153e704a5d886528306b6218d7e60a6d\" ><p><img loading=\"lazy\" decoding=\"async\" class=\"aligncenter size-full wp-image-7029\" src=\"https:\/\/sanantonioalgeciras.com\/wp-content\/uploads\/2022\/10\/i12.png\" alt=\"about_small_1\" width=\"314\" height=\"314\"><\/div>\n<div class=\"wpv-grid grid-2-5  unextended\" style=\"padding-top:0px;padding-bottom:0px\" id=\"wpv-column-e7dd053fe8429f152c5e90ec8cba3822\" ><div class=\"row \"><div class=\"wpv-grid grid-1-1  first unextended\" style=\"padding-top:0px;padding-bottom:0px\" id=\"wpv-column-048ecb20cc199b7908aa3592ba853e2a\" ><h1>Sacerdotes<\/h1>\n<p>El primer p\u00e1rroco fue el Rvdo. D. Vicente Pe\u00f1a Jim\u00e9nez cuyo mandato expir\u00f3 por jubilaci\u00f3n el 4 de octubre de 2009. Le sustituy\u00f3 el Rvdo. D. Rafael de la Palma Moreno Ruiz, al que sucedi\u00f3, el 30 de junio de 2015, el Rvdo. D. Juan Jos\u00e9 Marina Janeiro y a \u00e9ste, el 29 de septiembre de 2018, el Rvdo. D. Antonio Jes\u00fas Garrido Rodr\u00edguez. Desde septiembre de 2021, el Rvdo. D. Antonio Jes\u00fas L\u00f3pez Garc\u00eda-Mohedano es el p\u00e1rroco. El Rvdo. D. Francisco Garc\u00eda Ru\u00edz est\u00e1 adscrito a nuestra parroquia desde los comienzos.<\/div><\/div>\n<div class=\"push\" style='height:5px'><\/div>\n<div class=\"row \"><div class=\"wpv-grid grid-1-1  first unextended\" style=\"padding-top:0px;padding-bottom:0px\" id=\"wpv-column-2c990e1612cff9f26a0a53e10a092b01\" ><\/div><\/div><\/div><\/div>\n<div class=\"push\" style='margin-bottom:-40px'><\/div><\/div><div class=\"pane\" id=\"tab-1-2-templo-y-feligresia\"><div class=\"push\" style='height:60px'><\/div>\n<div class=\"row \"><div class=\"wpv-grid grid-1-2  first unextended\" style=\"padding-top:0px;padding-bottom:0px\" id=\"wpv-column-83a914b3bd36226642fa14387bf2ca12\" ><div class=\"row \"><div class=\"wpv-grid grid-1-1  first unextended\" style=\"padding-top:0px;padding-bottom:0px\" id=\"wpv-column-19f910538bb5b4bf1d4a6803df9142c3\" ><h1>Templo y Feligres\u00eda<\/h1>\n<p>Su dise\u00f1o arquitect\u00f3nico es de estilo racionalista, funcional, con estructuras met\u00e1licas y ladrillos vistos. Posee coro. Tiene capacidad para 400 personas sentadas. Est\u00e1 dotada de varias dependencias, casa rectoral y amplios jardines.\u00a0\u00a0<\/p>\n<p>La feligres\u00eda ronda las 10.000 personas, de los cuales, parte pertenece a la clase media (funcionarios, comerciantes, etc.) y parte a la clase obrera. Las viviendas, al momento de la inauguraci\u00f3n (1982), eran todas modernas, debido a la iniciativa privada y al Ministerio de la Vivienda.<br \/>\n.<\/div><\/div>\n<div class=\"push\" style='height:5px'><\/div>\n<div class=\"row \"><div class=\"wpv-grid grid-1-1  first unextended\" style=\"padding-top:0px;padding-bottom:0px\" id=\"wpv-column-71461b90957ac885a79b03460817fada\" ><\/div><\/div><\/div>\n<div class=\"wpv-grid grid-1-2  unextended\" style=\"padding-top:0px;padding-bottom:0px\" id=\"wpv-column-4418eb5cea57d197861dd7f26c4c51ff\" ><p><img loading=\"lazy\" decoding=\"async\" class=\"aligncenter size-full wp-image-7028\" src=\"https:\/\/sanantonioalgeciras.com\/wp-content\/uploads\/2022\/10\/i11.png\" alt=\"about_small_3\" width=\"314\" height=\"314\"><\/div><\/div><\/div><div class=\"pane\" id=\"tab-1-3-consagracion\"><div class=\"push\" style='height:60px'><\/div>\n<div class=\"row \"><div class=\"wpv-grid grid-1-2  first unextended\" style=\"padding-top:0px;padding-bottom:0px\" id=\"wpv-column-3cee3b9d71908009188135994477b497\" ><p><img loading=\"lazy\" decoding=\"async\" class=\"aligncenter size-medium wp-image-6931\" src=\"https:\/\/sanantonioalgeciras.com\/wp-content\/uploads\/2022\/11\/cristo-rey.jpg\" alt=\"book-92572_1920\" width=\"350\" height=\"211\"><\/div>\n<div class=\"wpv-grid grid-1-2  unextended\" style=\"padding-top:0px;padding-bottom:0px\" id=\"wpv-column-60e06d787998f8daf7fab996ca4f1bd8\" ><div class=\"row \"><div class=\"wpv-grid grid-1-1  first unextended\" style=\"padding-top:0px;padding-bottom:0px\" id=\"wpv-column-65d5372964d830b49ddfa7a9f0cb7811\" ><h1>Consagraci\u00f3n<\/h1>\n<p>La Iglesia fue consagrada el 14 de abril de 2007 por el Obispo de la di\u00f3cesis Excmo y Rvdmo. Sr. D. Antonio Ceballos Atienza.<\/div><\/div>\n<div class=\"push\" style='height:5px'><\/div>\n<div class=\"row \"><div class=\"wpv-grid grid-1-1  first unextended\" style=\"padding-top:0px;padding-bottom:0px\" id=\"wpv-column-3eef902b6a930e7045592ef31e698aa7\" ><\/div><\/div><\/div><\/div>\n<div class=\"push\" style='margin-bottom:-45px'><\/div><\/div><\/div><style>#tabs-1.vertical,#tabs-1.vertical:before{background:#fff;}#tabs-1.vertical .ui-tabs-nav,#tabs-1.vertical .ui-tabs-nav:before,#tabs-1.vertical .ui-tabs-nav li{background:#3e4043;}#tabs-1.vertical .ui-tabs-nav li,#tabs-1.vertical .ui-tabs-nav li a,#tabs-1.vertical .ui-tabs-nav li a .icon{color:#fff;}#tabs-1.vertical .ui-tabs-nav .ui-state-active,#tabs-1.vertical .ui-tabs-nav .ui-state-selected,#tabs-1.vertical .ui-tabs-nav .ui-state-hover{background:#fff;}#tabs-1.vertical .ui-tabs-nav .inactive-block-title h1,#tabs-1.vertical .ui-tabs-nav .inactive-block-title h2,#tabs-1.vertical .ui-tabs-nav .inactive-block-title h3,#tabs-1.vertical .ui-tabs-nav .inactive-block-title h4,#tabs-1.vertical .ui-tabs-nav .inactive-block-title h5,#tabs-1.vertical .ui-tabs-nav .inactive-block-title h6{color:#fff;}#tabs-1.vertical .pane:before{background:#3e4043;}<\/style><\/div><\/div>\n\n\n<div class=\"row \"><div class=\"wpv-grid grid-1-1  wpv-first-level first unextended\" style=\"padding-top:0px;padding-bottom:0px\" id=\"wpv-column-e3c12e4a68bc41beb5a5f41adcfb2284\" ><\/div><\/div>\n","protected":false},"excerpt":{"rendered":"","protected":false},"author":1,"featured_media":0,"parent":0,"menu_order":0,"comment_status":"closed","ping_status":"closed","template":"","meta":{"footnotes":""},"class_list":["post-6710","page","type-page","status-publish","hentry"],"_links":{"self":[{"href":"https:\/\/sanantonioalgeciras.com\/index.php\/wp-json\/wp\/v2\/pages\/6710","targetHints":{"allow":["GET"]}}],"collection":[{"href":"https:\/\/sanantonioalgeciras.com\/index.php\/wp-json\/wp\/v2\/pages"}],"about":[{"href":"https:\/\/sanantonioalgeciras.com\/index.php\/wp-json\/wp\/v2\/types\/page"}],"author":[{"embeddable":true,"href":"https:\/\/sanantonioalgeciras.com\/index.php\/wp-json\/wp\/v2\/users\/1"}],"replies":[{"embeddable":true,"href":"https:\/\/sanantonioalgeciras.com\/index.php\/wp-json\/wp\/v2\/comments?post=6710"}],"version-history":[{"count":51,"href":"https:\/\/sanantonioalgeciras.com\/index.php\/wp-json\/wp\/v2\/pages\/6710\/revisions"}],"predecessor-version":[{"id":26901,"href":"https:\/\/sanantonioalgeciras.com\/index.php\/wp-json\/wp\/v2\/pages\/6710\/revisions\/26901"}],"wp:attachment":[{"href":"https:\/\/sanantonioalgeciras.com\/index.php\/wp-json\/wp\/v2\/media?parent=6710"}],"curies":[{"name":"wp","href":"https:\/\/api.w.org\/{rel}","templated":true}]}}

<div class="row "><div class="wpv-grid grid-0-1  wpv-first-level first unextended" style="padding-top:0px;padding-bottom:0px" id="wpv-column-3c796385edf7cd10cdba8054812c834b" ><div class="wpv-tabs vertical" id="tabs-1"><ul class="ui-tabs-nav"><li class="inactive-block-title"><h2>Nuestra Historia</h2></li><li class='tab-'><a href="#tab-1-0-origen"> <span class="title-text">Origen</span></a></li><li class='tab-'><a href="#tab-1-1-sacerdotes"> <span class="title-text">Sacerdotes</span></a></li><li class='tab-'><a href="#tab-1-2-templo-y-feligresia"> <span class="title-text">Templo y Feligresía</span></a></li><li class='tab-'><a href="#tab-1-3-consagracion"> <span class="title-text">Consagración</span></a></li></ul><div class="pane" id="tab-1-0-origen"><div class="push" style='height:60px'></div>
<div class="row "><div class="wpv-grid grid-1-2  first unextended" style="padding-top:0px;padding-bottom:0px" id="wpv-column-60328f21db5f7bbb7e78a10c9013515d" ><div class="row "><div class="wpv-grid grid-1-1  first unextended" style="padding-top:0px;padding-bottom:0px" id="wpv-column-8005da8ca764ef2d1e309093e36eb29c" ><h1>Origen</h1>
<p>La parroquia de San Antonio de Padua, desmembrada de las Parroquias del Corpus Christi, Ntra. Sra. De la Palma y San Isidro, fue erigida el 2 de agosto de 1979 e inaugurada el 3 de abril de 1982 por el Excmo y Rvdmo. Sr. D. Antonio Dorado Soto, Obispo de Cádiz y Ceuta.<br />
. <span style="color: #c0c0c0;">.</span></div></div>
<div class="push" style='height:5px'></div>
<div class="row "><div class="wpv-grid grid-1-1  first unextended" style="padding-top:0px;padding-bottom:0px" id="wpv-column-07a868ec5dfd8f0793dc39e904456c90" ></div></div></div>
<div class="wpv-grid grid-1-2  unextended" style="padding-top:0px;padding-bottom:0px" id="wpv-column-ad70ddaa2ad481b7b007ad1ad29948c3" ><p><img loading="lazy" decoding="async" class="aligncenter size-full wp-image-7026" src="https://sanantonioalgeciras.com/wp-content/uploads/2022/10/i10.png" alt="about_small_2" width="314" height="314"></div></div></div><div class="pane" id="tab-1-1-sacerdotes"><div class="push" style='height:60px'></div>
<div class="row "><div class="wpv-grid grid-3-5  first unextended" style="padding-top:0px;padding-bottom:0px" id="wpv-column-153e704a5d886528306b6218d7e60a6d" ><p><img loading="lazy" decoding="async" class="aligncenter size-full wp-image-7029" src="https://sanantonioalgeciras.com/wp-content/uploads/2022/10/i12.png" alt="about_small_1" width="314" height="314"></div>
<div class="wpv-grid grid-2-5  unextended" style="padding-top:0px;padding-bottom:0px" id="wpv-column-e7dd053fe8429f152c5e90ec8cba3822" ><div class="row "><div class="wpv-grid grid-1-1  first unextended" style="padding-top:0px;padding-bottom:0px" id="wpv-column-048ecb20cc199b7908aa3592ba853e2a" ><h1>Sacerdotes</h1>
<p>El primer párroco fue el Rvdo. D. Vicente Peña Jiménez cuyo mandato expiró por jubilación el 4 de octubre de 2009. Le sustituyó el Rvdo. D. Rafael de la Palma Moreno Ruiz, al que sucedió, el 30 de junio de 2015, el Rvdo. D. Juan José Marina Janeiro y a éste, el 29 de septiembre de 2018, el Rvdo. D. Antonio Jesús Garrido Rodríguez. Desde septiembre de 2021, el Rvdo. D. Antonio Jesús López García-Mohedano es el párroco. El Rvdo. D. Francisco García Ruíz está adscrito a nuestra parroquia desde los comienzos.</div></div>
<div class="push" style='height:5px'></div>
<div class="row "><div class="wpv-grid grid-1-1  first unextended" style="padding-top:0px;padding-bottom:0px" id="wpv-column-2c990e1612cff9f26a0a53e10a092b01" ></div></div></div></div>
<div class="push" style='margin-bottom:-40px'></div></div><div class="pane" id="tab-1-2-templo-y-feligresia"><div class="push" style='height:60px'></div>
<div class="row "><div class="wpv-grid grid-1-2  first unextended" style="padding-top:0px;padding-bottom:0px" id="wpv-column-83a914b3bd36226642fa14387bf2ca12" ><div class="row "><div class="wpv-grid grid-1-1  first unextended" style="padding-top:0px;padding-bottom:0px" id="wpv-column-19f910538bb5b4bf1d4a6803df9142c3" ><h1>Templo y Feligresía</h1>
<p>Su diseño arquitectónico es de estilo racionalista, funcional, con estructuras metálicas y ladrillos vistos. Posee coro. Tiene capacidad para 400 personas sentadas. Está dotada de varias dependencias, casa rectoral y amplios jardines.  </p>
<p>La feligresía ronda las 10.000 personas, de los cuales, parte pertenece a la clase media (funcionarios, comerciantes, etc.) y parte a la clase obrera. Las viviendas, al momento de la inauguración (1982), eran todas modernas, debido a la iniciativa privada y al Ministerio de la Vivienda.<br />
.</div></div>
<div class="push" style='height:5px'></div>
<div class="row "><div class="wpv-grid grid-1-1  first unextended" style="padding-top:0px;padding-bottom:0px" id="wpv-column-71461b90957ac885a79b03460817fada" ></div></div></div>
<div class="wpv-grid grid-1-2  unextended" style="padding-top:0px;padding-bottom:0px" id="wpv-column-4418eb5cea57d197861dd7f26c4c51ff" ><p><img loading="lazy" decoding="async" class="aligncenter size-full wp-image-7028" src="https://sanantonioalgeciras.com/wp-content/uploads/2022/10/i11.png" alt="about_small_3" width="314" height="314"></div></div></div><div class="pane" id="tab-1-3-consagracion"><div class="push" style='height:60px'></div>
<div class="row "><div class="wpv-grid grid-1-2  first unextended" style="padding-top:0px;padding-bottom:0px" id="wpv-column-3cee3b9d71908009188135994477b497" ><p><img loading="lazy" decoding="async" class="aligncenter size-medium wp-image-6931" src="https://sanantonioalgeciras.com/wp-content/uploads/2022/11/cristo-rey.jpg" alt="book-92572_1920" width="350" height="211"></div>
<div class="wpv-grid grid-1-2  unextended" style="padding-top:0px;padding-bottom:0px" id="wpv-column-60e06d787998f8daf7fab996ca4f1bd8" ><div class="row "><div class="wpv-grid grid-1-1  first unextended" style="padding-top:0px;padding-bottom:0px" id="wpv-column-65d5372964d830b49ddfa7a9f0cb7811" ><h1>Consagración</h1>
<p>La Iglesia fue consagrada el 14 de abril de 2007 por el Obispo de la diócesis Excmo y Rvdmo. Sr. D. Antonio Ceballos Atienza.</div></div>
<div class="push" style='height:5px'></div>
<div class="row "><div class="wpv-grid grid-1-1  first unextended" style="padding-top:0px;padding-bottom:0px" id="wpv-column-3eef902b6a930e7045592ef31e698aa7" ></div></div></div></div>
<div class="push" style='margin-bottom:-45px'></div></div></div><style>#tabs-1.vertical,#tabs-1.vertical:before{background:#fff;}#tabs-1.vertical .ui-tabs-nav,#tabs-1.vertical .ui-tabs-nav:before,#tabs-1.vertical .ui-tabs-nav li{background:#3e4043;}#tabs-1.vertical .ui-tabs-nav li,#tabs-1.vertical .ui-tabs-nav li a,#tabs-1.vertical .ui-tabs-nav li a .icon{color:#fff;}#tabs-1.vertical .ui-tabs-nav .ui-state-active,#tabs-1.vertical .ui-tabs-nav .ui-state-selected,#tabs-1.vertical .ui-tabs-nav .ui-state-hover{background:#fff;}#tabs-1.vertical .ui-tabs-nav .inactive-block-title h1,#tabs-1.vertical .ui-tabs-nav .inactive-block-title h2,#tabs-1.vertical .ui-tabs-nav .inactive-block-title h3,#tabs-1.vertical .ui-tabs-nav .inactive-block-title h4,#tabs-1.vertical .ui-tabs-nav .inactive-block-title h5,#tabs-1.vertical .ui-tabs-nav .inactive-block-title h6{color:#fff;}#tabs-1.vertical .pane:before{background:#3e4043;}</style></div></div>


<div class="row "><div class="wpv-grid grid-1-1  wpv-first-level first unextended" style="padding-top:0px;padding-bottom:0px" id="wpv-column-e3c12e4a68bc41beb5a5f41adcfb2284" ></div></div>
